 -38. Calculate the remainder when 59 is divided by y.
29
Suppose 3*d - 48 = -4*q + 6, 5*q - 2*d - 79 = 0. Suppose 5*a - q = 5. What is the remainder when 17 is divided by a?
1
Let z = 21 + -14. Let a = 30 - z. What is the remainder when 85 is divided by a?
16
Let i(k) = 78*k - 695. What is the remainder when 611 is divided by i(9)?
2
Suppose -721 = -5*a + 119. Suppose 4*s - 131 = -3*p + 4*p, a = 5*s + 3*p. Calculate the remainder when s is divided by 18.
15
Let n(s) = -5*s + 76. Calculate the remainder when 41 is divided by n(14).
5
Let i = -472 - -628. What is the remainder when i is divided by 30?
6
Let l = -30 - -31. What is the remainder when l is divided by 1?
0
Let u(j) = j + 11. Let c be u(-7). Suppose c*b - 37 = n, 0 = n - 0*n + 5. What is the remainder when 30 is divided by b?
6
Suppose 21*d = 19*d + 34. Let k be 109/4 - (-3)/(-12). Suppose 0 = v + 2*v - k. Calculate the remainder when d is divided by v.
8
Let x(v) = 2*v - 9*v + 0*v. Let q be 2*((-3)/2 + 1). What is the remainder when 25 is divided by x(q)?
4
Let m(i) = -i**3 - 6*i**2 - 5*i + 13. Let q be m(-5). Suppose 2*l = 17 + q. What is the remainder when 44 is divided by l?
14
Calculate the remainder when 263 is divided by (-1 + -1)*(-33)/2.
32
Suppose 66*m - 61*m - 280 = 0. What is the remainder when 161 is divided by m?
49
Let f(k) = -k**3 + k**2 - 15*k - 12. Let j be f(-6). Suppose 2*c + j = 5*x, 3*x - 330 = -2*x - 5*c. What is the remainder when x is divided by 23?
20
Let w(c) = -c**3 - 8*c**2 + 6*c - 4. Let x(n) = -15*n**2 + 5*n - 4. Let t be x(2). Let m be ((-3)/6)/((-3)/t). What is the remainder when 68 is divided by w(m)?
22
Let l(w) = w**3 - 8*w**2 + 5*w + 17. Let z be l(7). Suppose z = 2*q - 1, 2*v + q = 14. Calculate the remainder when 6 is divided by v.
0
Let h(d) = -d**3 - 24*d**2 + 48*d - 60. Calculate the remainder when 259 is divided by h(-26).
39
Let d(n) = n**3 - 11*n**2 + 11*n - 5. Let g be d(10). Suppose g*x + x = 30. Calculate the remainder when 7 is divided by x.
2
Suppose -4508 = -148*w + 99*w. Calculate the remainder when w is divided by 67.
25
Let i = -16 - -48. Suppose -4*q = -2*y + 20, -27 = -4*y - 3*q + 24. What is the remainder when i is divided by y?
8
Suppose 5*o = 5*y + 1520, 2*y + 107 = o - 196. What is the remainder when o is divided by 44?
41
Let m = 473 - 415. Suppose -2*x - 1 + 19 = 0. Calculate the remainder when m is divided by x.
4
Let m be 4/(1*4/(-24)*1). Let v = -74 + 145. What is the remainder when v is divided by m*((-10)/5 + 1)?
23
Suppose 4*g + 2*q - 1462 = 0, -g + 2*q = 2*g - 1086. What is the remainder when g is divided by 94?
82
Suppose -6*a + 5*u + 1672 = -0*u, a - 290 = -2*u. What is the remainder when a is divided by 10?
2
Let k(v) be the third derivative of v**5/60 - v**4/8 - v**3/3 + 5*v**2. Let f be k(4). Suppose -f*t + 18 = -30. What is the remainder when t is divided by 9?
6
What is the remainder when (-2)/(-1) + (24 - 1) is divided by (-5 + 8)/(84/280)?
5
Let w(n) = -26*n**2 - 37*n**2 + 7 + 2*n - 10*n + 84*n**2. Calculate the remainder when w(1) is divided by 6.
2
Let y(z) = 2*z**2 + 5*z. Let a(k) = 2*k**2 + 4*k + 1. Let u(w) = 5*a(w) - 4*y(w). Let q be 1*(-7)/(35/15). Calculate the remainder when u(q) is divided by 7.
2
Suppose -2*c + 632 = 2*c. Let x = c + -87. Let g = -11 + 29. What is the remainder when x is divided by g?
17
Let z = 172 + -82. Let p(n) = n**3 + 7*n**2 + 4*n - 10. Let i be p(-6). Suppose 6*x - 3*o = x + z, 10 = -i*o. What is the remainder when 43 is divided by x?
13
Let g(j) = 3*j**2 + 11*j + 16. Calculate the remainder when g(-6) is divided by 245/21 - 8/(-6).
6
Calculate the remainder when 54/54*(2*134 - -2) is divided by 39.
36
Let c = 733 + -722. What is the remainder when 47 is divided by c?
3
Suppose -124 = -5*u + u. What is the remainder when u is divided by 11?
9
Let o = 72 + 60. Calculate the remainder when o is divided by 19.
18
Let b(r) be the third derivative of r**4/6 + 25*r**3/3 - 28*r**2. Calculate the remainder when 197 is divided by b(0).
47
Let l(w) = 92*w - 1407. What is the remainder when l(18) is divided by 248?
1
Let h be 3/12 + 1/(-4). Suppose -4*d + h + 10 = -m, -3*m + d = -14. What is the remainder when m is divided by 4?
2
Let u = -17 - -19. Suppose 4 + u = -3*a. Let v = a - -7. Calculate the remainder when 24 is divided by v.
4
Suppose 36 = 17*m - 14*m. Calculate the remainder when 247 is divided by m.
7
Suppose 3*g = -g + 644. Let f be -8 - (8 - -76) - (-6)/(-2). Let w = f + g. Calculate the remainder when w is divided by 17.
15
Suppose 2*j = 54 - 44. Suppose 5*y + 5*b - j = 0, y - 2*y - 3*b - 1 = 0. Suppose 0 = 2*c - 1 - 1. Calculate the remainder when y is divided by c.
0
Suppose 5*d - 10*d + 5 = 0. Suppose 2*q - d = 131. What is the remainder when q is divided by 34?
32
Suppose -2 = 3*o - 56. Let d be (o - 0) + 0 + 2. Suppose -d = p - 3*p. What is the remainder when p is divided by 3?
1
Suppose -4*x + 100 - 20 = 0. Calculate the remainder when 78 is divided by x.
18
Let y = -23 - -44. Calculate the remainder when y is divided by 3.
0
Let z be -12 + -7 + 3 + 7. Calculate the remainder when (-3)/(-12) + z/4 + 69 is divided by 18.
13
Let k(u) = 9*u + 17*u - 34*u + 3 + 7*u**2 + u**3. What is the remainder when k(-6) is divided by 15?
12
Let o(k) = -k. Let h be o(-2). Suppose -2*c = h*c - 104. Let x = 39 - c. Calculate the remainder when 22 is divided by x.
9
Let l(a) = -a + 37. Let y(g) = -g**3 - 5*g**2 - 2*g + 4. Let m be y(-4). Calculate the remainder when l(m) is divided by 22.
19
Let w(k) = -k**2 - 8*k + 6. Let x be ((-6)/(-12))/(1/(-12)). What is the remainder when (3 + 3)*51/9 is divided by w(x)?
16
Let o(z) = -z**3 + 6*z**2 - 6*z + 9. Suppose -5*r = -3*g - 8, -r - 12 = -4*g - 0. Calculate the remainder when 99 is divided by o(g).
14
Let j(x) = -2*x + 1. Suppose -2*v + 1 = 21. Let q = v + 72. Calculate the remainder when q is divided by j(-6).
10
Let b(g) = 48*g**2 + 3 - 5 - 2*g + 8 + 2*g**3. Calculate the remainder when b(-24) is divided by 11.
10
Suppose -n + i + 6 = 0, -6 = 3*i - i. Suppose -l - 47 = 4*f, -l - 4*l = n*f + 235. Let c = -23 - l. Calculate the remainder when 94 is divided by c.
22
Suppose -5*x = 2*y - 77, 0*y + y = -3*x + 38. Let b = -39 + y. Calculate the remainder when 11/4 + (-2)/(-8) is divided by b.
1
Let n = -32 + 39. Suppose -55 = -4*d - n. What is the remainder when 47 is divided by d?
11
Suppose 2*v = -2, 2*v + 16 = -2*o + 34. What is the remainder when 146 is divided by o?
6
Suppose 519 = 2*y - 0*y + u, -3*y + 781 = 2*u. Suppose y = 4*a - 159. Calculate the remainder when a is divided by 35.
34
Let v = -478 - -481. What is the remainder when 9 is divided by v?
0
Let p = -9 + 0. Let v(f) = -f**3 - 10*f**2 - 9*f + 9. Let h be v(p). Suppose h = 2*o - 5. Calculate the remainder when 20 is divided by o.
6
Let h(q) = -14*q. Let i be h(-3). Let b = -16 + i. Suppose 3*y = 4*y - 50. What is the remainder when y is divided by b?
24
Let m be 31/3 - 18/(-27). Suppose 5*q = -8*c + 4*c + m, -3*c + q = -13. Calculate the remainder when c is divided by 3/(1/(2/3)).
0
Suppose -1 = -s + 7. Suppose h = 0, -2*n + 4*h = 2*n - s. Let y(x) = 200*x - 797. What is the remainder when y(4) is divided by n?
1
Suppose 0 = 7*m - 2*m - 20, 387 = -5*g - 2*m. Let x = g + 87. What is the remainder when 27 is divided by x?
3
Suppose 11*d - 7*d - 116 = 0. Suppose 0 = -4*b + 5*b - d. What is the remainder when b is divided by 4?
1
Let r = -1580 - -1601. Calculate the remainder when 27 is divided by r.
6
Suppose -3*r + 42 = -18. Suppose 77 = 4*s + 1. What is the remainder when s is divided by 222/r - (-6)/(-60)?
8
Suppose 0 = -0*h - 7*h + 14. Suppose -c + 2*n - h = 0, c + 6 = 3*n - 1. Let l(g) = -g + 10. What is the remainder when c is divided by l(5)?
3
Let n(v) = v**3 - 4*v**2 + 4*v + 1. Let f be n(3). Suppose -f*o + 0*o = -476. Calculate the remainder when o is divided by 30.
29
Let z = -562 + 575. Calculate the remainder when 193 is divided by z.
11
Suppose 2*r - 4*v = 24, -3*r + v + 16 = -v. Suppose r*s + s - 2*k = 30, s + 2*k - 2 = 0. What is the remainder when 29 is divided by s?
5
What is the remainder when (1974/(-49))/((-39)/(-52)*(-8)/21) is divided by (3/3)/(2/96)?
45
Suppose -5*o - 26*q = -25*q - 746, o + 5*q - 154 = 0. What is the remainder when o is divided b